{"id":98,"date":"2017-09-03T13:53:08","date_gmt":"2017-09-03T13:53:08","guid":{"rendered":"http:\/\/sg-ricklingen.de\/?page_id=98"},"modified":"2026-03-30T12:54:05","modified_gmt":"2026-03-30T12:54:05","slug":"trainingszeiten","status":"publish","type":"page","link":"https:\/\/sg-ricklingen.de\/?page_id=98","title":{"rendered":"Trainingszeiten"},"content":{"rendered":"\n<p style=\"font-size:18px\"><strong>Besuchen Sie uns gerne w\u00e4hrend unserer Trainingszeiten und lernen Sie uns und den Schie\u00dfsport kennen!<\/strong><\/p>\n\n\n\n<div style=\"height:20px\" aria-hidden=\"true\" class=\"wp-block-spacer\"><\/div>\n\n\n\n<p style=\"font-size:18px\"><strong>Schie\u00dfsport &#8211; Kugeldisziplinen (Luftgewehr, Luftpistole, Lichtpunktgewehr) <br><\/strong><em>Vereinslokal, Alte Ricklinger Bierquelle, Beekestra\u00dfe 71, 30459 Hannover<\/em><br><em>(Kleinkaliber und Sportpistole nach Absprache)<\/em><\/p>\n\n\n\n<div style=\"height:50px\" aria-hidden=\"true\" class=\"wp-block-spacer\"><\/div>\n\n\n\n<div class=\"wp-block-columns is-layout-flex wp-container-core-columns-is-layout-9d6595d7 wp-block-columns-is-layout-flex\">\n<div class=\"wp-block-column is-layout-flow wp-block-column-is-layout-flow\">\n<p class=\"has-text-align-center\" style=\"font-size:20px\"><strong>Damen<\/strong><\/p>\n\n\n\n<p class=\"has-text-align-center\" style=\"font-size:18px\">Montag 19:00 Uhr &#8211; 22:00 Uhr<\/p>\n\n\n\n<p class=\"has-text-align-center\" style=\"font-size:15px\"><em>(in den Sommerferien findet kein Training statt)<\/em><\/p>\n<\/div>\n\n\n\n<div class=\"wp-block-column is-layout-flow wp-block-column-is-layout-flow\">\n<p class=\"has-text-align-center\" style=\"font-size:20px\"><strong>Jugend<\/strong><\/p>\n\n\n\n<p class=\"has-text-align-center\" style=\"font-size:18px\">Mittwoch 17:00 Uhr &#8211; 20:00 Uhr<\/p>\n\n\n\n<p class=\"has-text-align-center\" style=\"font-size:15px\"><em>(in den Schulferien findet Training bei Bedarf statt)<\/em><\/p>\n\n\n\n<p class=\"has-text-align-center\" style=\"font-size:12px\">(bis 14 Jahre nur bis 19:30 Uhr)<\/p>\n<\/div>\n\n\n\n<div class=\"wp-block-column is-layout-flow wp-block-column-is-layout-flow\">\n<p class=\"has-text-align-center\" style=\"font-size:20px\"><strong>Herren<\/strong><\/p>\n\n\n\n<p class=\"has-text-align-center\" style=\"font-size:18px\">Donnerstag 19:00 Uhr &#8211; 22:00 Uhr<\/p>\n\n\n\n<p class=\"has-text-align-center\" style=\"font-size:15px\"><em>(in den Sommerferien findet kein Training statt)<\/em><\/p>\n<\/div>\n<\/div>\n\n\n\n<div style=\"height:50px\" aria-hidden=\"true\" class=\"wp-block-spacer\"><\/div>\n\n\n\n<hr class=\"wp-block-separator has-alpha-channel-opacity is-style-default\"\/>\n\n\n\n<div style=\"height:50px\" aria-hidden=\"true\" class=\"wp-block-spacer\"><\/div>\n\n\n\n<div class=\"wp-block-columns is-layout-flex wp-container-core-columns-is-layout-9d6595d7 wp-block-columns-is-layout-flex\">\n<div class=\"wp-block-column is-layout-flow wp-block-column-is-layout-flow\">\n<p class=\"has-text-align-center\" style=\"font-size:20px\"><strong>Blasrohrsport<\/strong><\/p>\n\n\n\n<p class=\"has-text-align-center\" style=\"font-size:18px\">Dienstag von 18:00 bis 22:00 Uhr<\/p>\n\n\n\n<p class=\"has-text-align-center\" style=\"font-size:15px\"><em>Ort: Vereinslokal, Alte Ricklinger Bierquelle, Beekestr. 71, 30459 Hannover<\/em><\/p>\n\n\n\n<p class=\"has-text-align-center\" style=\"font-size:18px\">Samstag im Winter (Okt. &#8211; Mrz.) von 10:00 Uhr bis 13:00 Uhr<\/p>\n\n\n\n<p class=\"has-text-align-center\" style=\"font-size:15px\"><em>Ort: Sporthalle BBS ME, Goetheplatz 7, 30169 Hannover<\/em><\/p>\n<\/div>\n\n\n\n<div class=\"wp-block-column is-layout-flow wp-block-column-is-layout-flow\">\n<p class=\"has-text-align-center\" style=\"font-size:20px\"><strong>Bogensport<\/strong><\/p>\n\n\n\n<p class=\"has-text-align-center\" style=\"font-size:18px\">Sommer: Dienstag &amp; Freitag von 17:30 bis 20:00 Uhr<\/p>\n\n\n\n<p class=\"has-text-align-center\" style=\"font-size:15px\"><em>Ort: Sportgel\u00e4nde des TuS Ricklingen, Meisenwinkel 9, 30459 Hannover<\/em><\/p>\n\n\n\n<p class=\"has-text-align-center\" style=\"font-size:18px\">Winter: Samstag von 10:00 &#8211; 13:00 Uhr               <br><\/p>\n\n\n\n<p class=\"has-text-align-center\" style=\"font-size:15px\"><em>Ort: Sporthalle BBS ME, Goetheplatz 7, 30169 Hannover<\/em><\/p>\n<\/div>\n<\/div>\n\n\n\n<div style=\"height:50px\" aria-hidden=\"true\" class=\"wp-block-spacer\"><\/div>\n\n\n\n<hr class=\"wp-block-separator has-alpha-channel-opacity is-style-default\"\/>\n\n\n\n<div style=\"height:20px\" aria-hidden=\"true\" class=\"wp-block-spacer\"><\/div>\n\n\n\n<p style=\"font-size:18px\"><em><strong>Vereinssportger\u00e4te sind f\u00fcr alle Disziplinen vorhanden und k\u00f6nnen gestellt werden.<\/strong><\/em><\/p>\n\n\n\n<div style=\"height:20px\" aria-hidden=\"true\" class=\"wp-block-spacer\"><\/div>\n\n\n\n<hr class=\"wp-block-separator has-alpha-channel-opacity is-style-default\"\/>\n\n\n\n<p><\/p>\n","protected":false},"excerpt":{"rendered":"<p>Besuchen Sie uns gerne w\u00e4hrend unserer Trainingszeiten und lernen Sie uns und den Schie\u00dfsport kennen! Schie\u00dfsport &#8211; Kugeldisziplinen (Luftgewehr, Luftpistole, Lichtpunktgewehr) Vereinslokal, Alte Ricklinger Bierquelle, Beekestra\u00dfe 71, 30459 Hannover(Kleinkaliber und Sportpistole<a class=\"read-more\" href=\"https:\/\/sg-ricklingen.de\/?page_id=98\">Mehr erfahren<\/a><\/p>\n","protected":false},"author":1,"featured_media":0,"parent":0,"menu_order":0,"comment_status":"closed","ping_status":"closed","template":"","meta":{"footnotes":""},"class_list":["post-98","page","type-page","status-publish","hentry"],"_links":{"self":[{"href":"https:\/\/sg-ricklingen.de\/index.php?rest_route=\/wp\/v2\/pages\/98","targetHints":{"allow":["GET"]}}],"collection":[{"href":"https:\/\/sg-ricklingen.de\/index.php?rest_route=\/wp\/v2\/pages"}],"about":[{"href":"https:\/\/sg-ricklingen.de\/index.php?rest_route=\/wp\/v2\/types\/page"}],"author":[{"embeddable":true,"href":"https:\/\/sg-ricklingen.de\/index.php?rest_route=\/wp\/v2\/users\/1"}],"replies":[{"embeddable":true,"href":"https:\/\/sg-ricklingen.de\/index.php?rest_route=%2Fwp%2Fv2%2Fcomments&post=98"}],"version-history":[{"count":30,"href":"https:\/\/sg-ricklingen.de\/index.php?rest_route=\/wp\/v2\/pages\/98\/revisions"}],"predecessor-version":[{"id":2674,"href":"https:\/\/sg-ricklingen.de\/index.php?rest_route=\/wp\/v2\/pages\/98\/revisions\/2674"}],"wp:attachment":[{"href":"https:\/\/sg-ricklingen.de\/index.php?rest_route=%2Fwp%2Fv2%2Fmedia&parent=98"}],"curies":[{"name":"wp","href":"https:\/\/api.w.org\/{rel}","templated":true}]}}