{"id":56,"date":"2017-07-26T20:10:24","date_gmt":"2017-07-26T20:10:24","guid":{"rendered":"http:\/\/sg-ricklingen.de\/?page_id=56"},"modified":"2026-03-30T14:04:39","modified_gmt":"2026-03-30T14:04:39","slug":"bogensport","status":"publish","type":"page","link":"https:\/\/sg-ricklingen.de\/?page_id=56","title":{"rendered":"Bogensport"},"content":{"rendered":"\n<p style=\"font-size:18px\">Die SG Ricklingen hat 2016 mit der Gr\u00fcndung der Bogenabteilung einen neuen, spannenden Weg eingeschlagen. Seitdem w\u00e4chst das Interesse stetig, und immer mehr Mitglieder entdecken den Bogensport f\u00fcr sich. Trainiert wird nach den Regeln der World Archery Federation (WA) mit Recurve\u2011 und Compoundb\u00f6gen zwei der beliebtesten und vielseitigsten Bogenarten weltweit.<\/p>\n\n\n\n<div style=\"height:20px\" aria-hidden=\"true\" class=\"wp-block-spacer\"><\/div>\n\n\n\n<p style=\"font-size:18px\">Bogensport verbindet Konzentration, Geschicklichkeit und Kraft auf einzigartige Weise und ist nahezu ohne Altersgrenzen erlernbar. Wer diese traditionsreiche Sportart ausprobieren m\u00f6chte, braucht keinerlei Vorkenntnisse oder eigene Ausr\u00fcstung. F\u00fcr ein Probeschie\u00dfen stellen wir alles bereit, was du ben\u00f6tigst.<\/p>\n\n\n\n<div style=\"height:20px\" aria-hidden=\"true\" class=\"wp-block-spacer\"><\/div>\n\n\n\n<p style=\"font-size:18px\">Im Mittelpunkt steht bei uns eine angenehme Trainingsatmosph\u00e4re, in der Spa\u00df und Gemeinschaft genauso wichtig sind wie die sportliche Entwicklung. Egal ob du einfach mal reinschnuppern m\u00f6chtest oder langfristig Teil der Abteilung werden willst \u2013 du bist herzlich willkommen.<\/p>\n\n\n\n<div style=\"height:20px\" aria-hidden=\"true\" class=\"wp-block-spacer\"><\/div>\n\n\n\n<p style=\"font-size:18px\">Wenn du Interesse hast, melde dich gern bei uns. Wir freuen uns darauf, dir den Bogensport n\u00e4herzubringen und dich bei deinen ersten Schritten zu begleiten.<\/p>\n\n\n\n<div style=\"height:50px\" aria-hidden=\"true\" class=\"wp-block-spacer\"><\/div>\n\n\n\n<div class=\"wp-block-columns is-layout-flex wp-container-core-columns-is-layout-9d6595d7 wp-block-columns-is-layout-flex\">\n<div class=\"wp-block-column is-layout-flow wp-block-column-is-layout-flow\">\n<p class=\"has-text-align-center\" style=\"font-size:18px\"><strong>&#x1f552; Training und <strong>&#x1f4cd;<\/strong><\/strong> <strong>Ort:<\/strong> <br>Sommer: Dienstag &amp; Freitag von 17:30 bis 20:00 Uhr<br>Sportgel\u00e4nde des TuS Ricklingen, <br>Meisenwinkel 9, <br>30459 Hannover<\/p>\n\n\n\n<p class=\"has-text-align-center\" style=\"font-size:18px\">Winter: Samstag von 10:00 \u2013 13:00 Uhr<br>Sporthalle BBS ME, <br>Goetheplatz 7, <br>30169 Hannover<\/p>\n\n\n\n<div style=\"height:20px\" aria-hidden=\"true\" class=\"wp-block-spacer\"><\/div>\n\n\n\n<p class=\"has-text-align-center\" style=\"font-size:18px\"><strong>&#x1f4e7; Kontakt:<\/strong> <br>Sven Nagler<br>Tel.: +49 174 331 2329<br>bogensport@sg-ricklingen.de<\/p>\n<\/div>\n<\/div>\n\n\n\n<div style=\"height:20px\" aria-hidden=\"true\" class=\"wp-block-spacer\"><\/div>\n\n\n\n<div class=\"wp-block-buttons is-content-justification-center is-layout-flex wp-container-core-buttons-is-layout-16018d1d wp-block-buttons-is-layout-flex\">\n<div class=\"wp-block-button is-style-outline is-style-outline--1\"><a class=\"wp-block-button__link wp-element-button\" href=\"https:\/\/sg-ricklingen.de\/?cat=8\">Mehr aus unserem Bogensport&#8230;<\/a><\/div>\n<\/div>\n\n\n\n<p><\/p>\n","protected":false},"excerpt":{"rendered":"<p>Die SG Ricklingen hat 2016 mit der Gr\u00fcndung der Bogenabteilung einen neuen, spannenden Weg eingeschlagen. Seitdem w\u00e4chst das Interesse stetig, und immer mehr Mitglieder entdecken den Bogensport f\u00fcr sich. Trainiert wird<a class=\"read-more\" href=\"https:\/\/sg-ricklingen.de\/?page_id=56\">Mehr erfahren<\/a><\/p>\n","protected":false},"author":1,"featured_media":1220,"parent":31,"menu_order":0,"comment_status":"closed","ping_status":"closed","template":"","meta":{"footnotes":""},"class_list":["post-56","page","type-page","status-publish","has-post-thumbnail","hentry"],"_links":{"self":[{"href":"https:\/\/sg-ricklingen.de\/index.php?rest_route=\/wp\/v2\/pages\/56","targetHints":{"allow":["GET"]}}],"collection":[{"href":"https:\/\/sg-ricklingen.de\/index.php?rest_route=\/wp\/v2\/pages"}],"about":[{"href":"https:\/\/sg-ricklingen.de\/index.php?rest_route=\/wp\/v2\/types\/page"}],"author":[{"embeddable":true,"href":"https:\/\/sg-ricklingen.de\/index.php?rest_route=\/wp\/v2\/users\/1"}],"replies":[{"embeddable":true,"href":"https:\/\/sg-ricklingen.de\/index.php?rest_route=%2Fwp%2Fv2%2Fcomments&post=56"}],"version-history":[{"count":21,"href":"https:\/\/sg-ricklingen.de\/index.php?rest_route=\/wp\/v2\/pages\/56\/revisions"}],"predecessor-version":[{"id":2706,"href":"https:\/\/sg-ricklingen.de\/index.php?rest_route=\/wp\/v2\/pages\/56\/revisions\/2706"}],"up":[{"embeddable":true,"href":"https:\/\/sg-ricklingen.de\/index.php?rest_route=\/wp\/v2\/pages\/31"}],"wp:featuredmedia":[{"embeddable":true,"href":"https:\/\/sg-ricklingen.de\/index.php?rest_route=\/wp\/v2\/media\/1220"}],"wp:attachment":[{"href":"https:\/\/sg-ricklingen.de\/index.php?rest_route=%2Fwp%2Fv2%2Fmedia&parent=56"}],"curies":[{"name":"wp","href":"https:\/\/api.w.org\/{rel}","templated":true}]}}